{"id":94,"date":"2024-09-25T17:45:29","date_gmt":"2024-09-25T15:45:29","guid":{"rendered":"https:\/\/www.covesdencimany.com\/coves24\/?page_id=94"},"modified":"2026-03-04T16:36:08","modified_gmt":"2026-03-04T14:36:08","slug":"docents-professionals","status":"publish","type":"page","link":"https:\/\/www.covesdencimany.com\/coves24\/comunitat\/docents-professionals\/","title":{"rendered":"Consell d&#8217;infants i joves"},"content":{"rendered":"\t\t<div data-elementor-type=\"wp-page\" data-elementor-id=\"94\" class=\"elementor elementor-94\" data-elementor-post-type=\"page\">\n\t\t\t\t<div class=\"elementor-element elementor-element-be05b7d e-flex e-con-boxed e-con e-parent\" data-id=\"be05b7d\" data-element_type=\"container\" data-e-type=\"container\">\n\t\t\t\t\t<div class=\"e-con-inner\">\n\t\t\t\t<div class=\"elementor-element elementor-element-75ded96 elementor-widget elementor-widget-spacer\" data-id=\"75ded96\" data-element_type=\"widget\" data-e-type=\"widget\" data-widget_type=\"spacer.default\">\n\t\t\t\t<div class=\"elementor-widget-container\">\n\t\t\t\t\t\t\t<div class=\"elementor-spacer\">\n\t\t\t<div class=\"elementor-spacer-inner\"><\/div>\n\t\t<\/div>\n\t\t\t\t\t\t<\/div>\n\t\t\t\t<\/div>\n\t\t\t\t\t<\/div>\n\t\t\t\t<\/div>\n\t\t<div class=\"elementor-element elementor-element-8d22b8 e-flex e-con-boxed e-con e-parent\" data-id=\"8d22b8\" data-element_type=\"container\" data-e-type=\"container\">\n\t\t\t\t\t<div class=\"e-con-inner\">\n\t\t<div class=\"elementor-element elementor-element-5cfd3929 e-con-full e-flex e-con e-child\" data-id=\"5cfd3929\" data-element_type=\"container\" data-e-type=\"container\">\n\t\t\t\t<div class=\"elementor-element elementor-element-6ae4b902 elementor-widget elementor-widget-heading\" data-id=\"6ae4b902\" data-element_type=\"widget\" data-e-type=\"widget\" data-widget_type=\"heading.default\">\n\t\t\t\t<div class=\"elementor-widget-container\">\n\t\t\t\t\t<h2 class=\"elementor-heading-title elementor-size-default\">Consell d&#8217;infants i joves<\/h2>\t\t\t\t<\/div>\n\t\t\t\t<\/div>\n\t\t\t\t<div class=\"elementor-element elementor-element-feb947a elementor-widget elementor-widget-text-editor\" data-id=\"feb947a\" data-element_type=\"widget\" data-e-type=\"widget\" data-widget_type=\"text-editor.default\">\n\t\t\t\t<div class=\"elementor-widget-container\">\n\t\t\t\t\t\t\t\t\t<p>El <b>\u00a0Consell d\u2019infants i joves<\/b> \u00e9s l\u2019\u00f2rgan al centre que permet\u00a0 la <b>participaci\u00f3<\/b> dels infants i joves a l\u2019hora d\u2019expressar les seves <b>opinions i els seus interessos<\/b> en tots aquells assumptes de la vida del centre que els afecten. La participaci\u00f3\u00a0 es troba a la base de la<b> din\u00e0mica democr\u00e0tica i de la governan\u00e7a.\u00a0<br \/><br \/><\/b>La Convenci\u00f3 dels drets dels infants, aprovada per les Nacions Unides el 20 de novembre de 1989, atorga als nens i les nenes el dret a expressar les seves opinions i que aquestes siguin tingudes en compte en tots els assumptes que els afectin, aix\u00ed com el dret d\u2019opinar, el dret d\u2019expressi\u00f3, la llibertat de pensament, la llibertat d\u2019associaci\u00f3 i el dret a rebre una informaci\u00f3 adequada. El Consell d\u2019Infants \u00e9s l\u2019espai institucional que permet l\u2019exercici d\u2019aquests drets en el marc escolar.\u00a0<\/p><p>Els Consells estan inspirats, en gran part, en el model de participaci\u00f3 infantil liderat pel pedagog itali\u00e0 Francesco Tonucci. L\u2019any 1991, F. Tonucci va posar en marxa el projecte \u201cLa ciutat dels infants\u201d a la ciutat italiana de Fano.<\/p><p>La idea de fons del projecte \u00e9s que <b>un centre que es pensa i es construeix des de la mida i les necessitats dels infants<\/b> resulta ser m\u00e9s adequat per a tothom i\u00a0 per fer-ho cal con\u00e8ixer la seva opini\u00f3. Una bona perspectiva per fer un m\u00f3n millor per a tots \u00e9s construir-lo des del respecte i l\u2019adequaci\u00f3.<\/p><p>El Consell est\u00e0 format per un membre de cada grup-classe de 2n de prim\u00e0ria a 4t d\u2019ESO i est\u00e0 dinamitzat per la t\u00e8cnica en integraci\u00f3 social (TIS) i la directora que tenen per missi\u00f3 proposar les din\u00e0miques, actuar com a mediadores entre infants i joves i recollir les seves opinions i demandes.<\/p>\t\t\t\t\t\t\t\t<\/div>\n\t\t\t\t<\/div>\n\t\t\t\t<\/div>\n\t\t\t\t\t<\/div>\n\t\t\t\t<\/div>\n\t\t<div class=\"elementor-element elementor-element-af1eb1b e-flex e-con-boxed e-con e-parent\" data-id=\"af1eb1b\" data-element_type=\"container\" data-e-type=\"container\" data-settings=\"{&quot;background_background&quot;:&quot;classic&quot;}\">\n\t\t\t\t\t<div class=\"e-con-inner\">\n\t\t<div class=\"elementor-element elementor-element-3ee8354 e-con-full e-flex e-con e-child\" data-id=\"3ee8354\" data-element_type=\"container\" data-e-type=\"container\">\n\t\t\t\t<div class=\"elementor-element elementor-element-4d64476 elementor-widget elementor-widget-image\" data-id=\"4d64476\" data-element_type=\"widget\" data-e-type=\"widget\" data-widget_type=\"image.default\">\n\t\t\t\t<div class=\"elementor-widget-container\">\n\t\t\t\t\t\t\t\t\t\t\t\t\t\t\t\t<a href=\"https:\/\/www.covesdencimany.com\/coves24\/wp-content\/uploads\/2026\/01\/consell-dinfants-i-joves-scaled.webp\" data-elementor-open-lightbox=\"yes\" data-elementor-lightbox-title=\"consell d&#039;infants i joves\" data-e-action-hash=\"#elementor-action%3Aaction%3Dlightbox%26settings%3DeyJpZCI6MTUzOSwidXJsIjoiaHR0cHM6XC9cL3d3dy5jb3Zlc2RlbmNpbWFueS5jb21cL2NvdmVzMjRcL3dwLWNvbnRlbnRcL3VwbG9hZHNcLzIwMjZcLzAxXC9jb25zZWxsLWRpbmZhbnRzLWktam92ZXMtc2NhbGVkLndlYnAifQ%3D%3D\">\n\t\t\t\t\t\t\t<img fetchpriority=\"high\" decoding=\"async\" width=\"2560\" height=\"1707\" src=\"https:\/\/www.covesdencimany.com\/coves24\/wp-content\/uploads\/2026\/01\/consell-dinfants-i-joves-scaled.webp\" class=\"attachment-full size-full wp-image-1539\" alt=\"\" srcset=\"https:\/\/www.covesdencimany.com\/coves24\/wp-content\/uploads\/2026\/01\/consell-dinfants-i-joves-scaled.webp 2560w, https:\/\/www.covesdencimany.com\/coves24\/wp-content\/uploads\/2026\/01\/consell-dinfants-i-joves-300x200.webp 300w, https:\/\/www.covesdencimany.com\/coves24\/wp-content\/uploads\/2026\/01\/consell-dinfants-i-joves-1024x683.webp 1024w, https:\/\/www.covesdencimany.com\/coves24\/wp-content\/uploads\/2026\/01\/consell-dinfants-i-joves-768x512.webp 768w, https:\/\/www.covesdencimany.com\/coves24\/wp-content\/uploads\/2026\/01\/consell-dinfants-i-joves-1536x1024.webp 1536w, https:\/\/www.covesdencimany.com\/coves24\/wp-content\/uploads\/2026\/01\/consell-dinfants-i-joves-2048x1365.webp 2048w\" sizes=\"(max-width: 2560px) 100vw, 2560px\" \/>\t\t\t\t\t\t\t\t<\/a>\n\t\t\t\t\t\t\t\t\t\t\t\t\t\t\t<\/div>\n\t\t\t\t<\/div>\n\t\t\t\t<\/div>\n\t\t<div class=\"elementor-element elementor-element-72f47f4 e-con-full e-flex e-con e-child\" data-id=\"72f47f4\" data-element_type=\"container\" data-e-type=\"container\">\n\t\t\t\t<div class=\"elementor-element elementor-element-aebb887 elementor-widget elementor-widget-text-editor\" data-id=\"aebb887\" data-element_type=\"widget\" data-e-type=\"widget\" data-widget_type=\"text-editor.default\">\n\t\t\t\t<div class=\"elementor-widget-container\">\n\t\t\t\t\t\t\t\t\t<p style=\"text-align: center;\"><strong>Els actuals representants del Consell d\u2019infants i joves son:\u00a0<\/strong><\/p><p style=\"text-align: center;\">2n. Max i Rai<\/p><p style=\"text-align: center;\">3r. Ainhara i Souhail<\/p><p style=\"text-align: center;\">4t. Ainhoa i Danilo<\/p><p style=\"text-align: center;\">5\u00e8 Alex i Bastian<\/p><p style=\"text-align: center;\">6\u00e8 Luana i Enoc<\/p><p style=\"text-align: center;\">1r d\u2019ESO. Arnau i Ethan<\/p><p style=\"text-align: center;\">2n d\u2019ESO Izan i Angela<\/p><p style=\"text-align: center;\">3r d\u2019ESO Alba i Arktur\u00a0\u00a0<\/p><p style=\"text-align: center;\">4t d\u2019ESO Fabiana i Gonzalo<\/p><p>\u00a0<\/p>\t\t\t\t\t\t\t\t<\/div>\n\t\t\t\t<\/div>\n\t\t\t\t<\/div>\n\t\t\t\t\t<\/div>\n\t\t\t\t<\/div>\n\t\t\t\t<\/div>\n\t\t","protected":false},"excerpt":{"rendered":"<p>El \u00a0Consell d\u2019infants i joves \u00e9s l\u2019\u00f2rgan al centre que permet\u00a0 la participaci\u00f3 dels infants i joves a l\u2019hora d\u2019expressar les seves opinions i els seus interessos en tots aquells assumptes de la vida del centre que els afecten. La participaci\u00f3\u00a0 es troba a la base de la din\u00e0mica democr\u00e0tica i de la governan\u00e7a.\u00a0 La &#8230;<\/p>\n","protected":false},"author":2,"featured_media":561,"parent":90,"menu_order":10,"comment_status":"closed","ping_status":"closed","template":"page-nosidebar.php","meta":{"_acf_changed":false,"footnotes":""},"class_list":["post-94","page","type-page","status-publish","has-post-thumbnail","hentry"],"acf":[],"_links":{"self":[{"href":"https:\/\/www.covesdencimany.com\/coves24\/wp-json\/wp\/v2\/pages\/94","targetHints":{"allow":["GET"]}}],"collection":[{"href":"https:\/\/www.covesdencimany.com\/coves24\/wp-json\/wp\/v2\/pages"}],"about":[{"href":"https:\/\/www.covesdencimany.com\/coves24\/wp-json\/wp\/v2\/types\/page"}],"author":[{"embeddable":true,"href":"https:\/\/www.covesdencimany.com\/coves24\/wp-json\/wp\/v2\/users\/2"}],"replies":[{"embeddable":true,"href":"https:\/\/www.covesdencimany.com\/coves24\/wp-json\/wp\/v2\/comments?post=94"}],"version-history":[{"count":36,"href":"https:\/\/www.covesdencimany.com\/coves24\/wp-json\/wp\/v2\/pages\/94\/revisions"}],"predecessor-version":[{"id":1551,"href":"https:\/\/www.covesdencimany.com\/coves24\/wp-json\/wp\/v2\/pages\/94\/revisions\/1551"}],"up":[{"embeddable":true,"href":"https:\/\/www.covesdencimany.com\/coves24\/wp-json\/wp\/v2\/pages\/90"}],"wp:featuredmedia":[{"embeddable":true,"href":"https:\/\/www.covesdencimany.com\/coves24\/wp-json\/wp\/v2\/media\/561"}],"wp:attachment":[{"href":"https:\/\/www.covesdencimany.com\/coves24\/wp-json\/wp\/v2\/media?parent=94"}],"curies":[{"name":"wp","href":"https:\/\/api.w.org\/{rel}","templated":true}]}}